. Calculate the remainder when 74 is divided by v.
14
Let k(q) = q**2 + 17*q - 28. Calculate the remainder when (0/1)/(-2) - -126 is divided by k(-20).
30
Suppose 414 = 3*r + 6*r. Calculate the remainder when r is divided by 16.
14
Let u(l) = 2 + 6*l + 7 - 7*l. Let w be u(5). Suppose 3 = -g, -w*d + 54 = 4*g - 14. What is the remainder when 77 is divided by d?
17
Let n be (-1 + 0)/((-2)/(-4)). Let x(r) = -2*r**3 - 3*r**2 - 2*r + 2. Calculate the remainder when 37 is divided by x(n).
7
Let o = -313 + 482. Let f = o + -104. Calculate the remainder when f is divided by 22.
21
Suppose n = -2*v - 1, 9 = -3*v - 0*v - 3*n. Suppose 13 = 3*j - v. Calculate the remainder when j is divided by 3.
2
Let g = -183 + 110. Let y = -30 - g. Suppose -q - 4*q + y = 2*s, -4*q + 41 = -5*s. What is the remainder when 25 is divided by q?
7
Suppose 0 = -3*o + 5*v + 13, 0*o + 3*v - 9 = -o. What is the remainder when -1*(-15)/6*o is divided by 8?
7
Suppose 4*l + 3*j - 14 = 0, 0 = 3*l - 0*l + 2*j - 11. Calculate the remainder when (-735)/(-25) - 2/l is divided by 15.
14
Suppose -18*d = -21*d + 105. Calculate the remainder when d is divided by 9.
8
Let a = -5 - -24. What is the remainder when 36 is divided by a?
17
Let s = -3 - 42. Let d = s - -64. Suppose 2*u - 114 = -2*v, 5*u - v - 51 - 222 = 0. What is the remainder when u is divided by d?
17
Suppose 23*i + 44 = 27*i. Calculate the remainder when i is divided by 3.
2
Let p(u) = 22*u**2 + u - 1. Let c(m) be the first derivative of 7*m**3/3 + m - 2. What is the remainder when p(1) is divided by c(-1)?
6
Suppose -2*x - 6 = -a, -4*x = -2*x - 4. What is the remainder when 47 is divided by a?
7
Suppose 19 + 1 = 5*x. What is the remainder when 19 is divided by x?
3
Suppose 6*k = 4*k - 18. Let u = k + 16. What is the remainder when 11 is divided by (-160)/(-28) - (-2)/u?
5
Let w(z) = 4*z + 2. Calculate the remainder when w(2) is divided by ((-24)/28)/(6/(-28)).
2
Let y(l) = 3*l + 11. Let v(z) = z**2 - 4*z + 5. Let j be v(4). Suppose 0 = 2*r - 3*r + j. Calculate the remainder when r is divided by y(-3).
1
Let y = 11 + -19. Let u = y + 10. What is the remainder when 7 is divided by u?
1
Let b(v) = -18*v - 56. What is the remainder when b(-8) is divided by 18?
16
Suppose -g + 11*g = 480. Calculate the remainder when g is divided by 14.
6
Suppose -4*m - 42 = -2*v, -59 = -3*v - m + 25. Calculate the remainder when 50 is divided by v.
23
Let k(d) = d**3 + 25*d**2 - 54*d + 19. Calculate the remainder when k(-27) is divided by 5.
4
Let m(y) = y + 10. Let v(c) = c**2 - 6*c. Let b be v(6). What is the remainder when 18 is divided by m(b)?
8
Suppose -2*u = 5*m - 6, -5*m = -3*u + 33 + 1. What is the remainder when 22 is divided by u?
6
Suppose 0 = -3*w - 4*f + 82, 5*w - f - 165 = -2*f. Suppose 3*g - 4*g + w = 0. Let t = 34 - 22. Calculate the remainder when g is divided by t.
10
Suppose 0 = 4*j - 3*q - 78, -2*j - q = -2*q - 38. Calculate the remainder when 53 is divided by j.
17
Suppose -3*r + 0*r = -15. Suppose r*s = -25, -3*i = s - 3*s - 73. Calculate the remainder when 60 is divided by i.
18
Let d(o) be the first derivative of o**4/2 + 2*o**3/3 - o**2/2 + 4*o - 7. Calculate the remainder when d(2) is divided by 14.
12
Suppose 15 + 0 = -3*q, 5*l - q = -55. Let g = l - -24. What is the remainder when g is divided by 7?
5
Let d(b) = 71*b + 19. What is the remainder when d(3) is divided by 47?
44
Calculate the remainder when 137 is divided by (-1638)/(-70) - 2/5.
22
Let i = 2 + 3. Let l = 0 + 3. What is the remainder when i is divided by (0 - (-1)/l)*9?
2
Let q = -27 + 34. Calculate the remainder when 60 is divided by q.
4
Suppose a - 33 - 10 = 0. Let n = a + -28. Calculate the remainder when 42 is divided by n.
12
Let w = 8 - 4. Let v(q) = 5 + 2*q - q - w*q. Calculate the remainder when v(-8) is divided by 10.
9
Let m(j) = -j**2 - 6*j + 3. Let g = 3 - 8. Calculate the remainder when 15 is divided by m(g).
7
Let b(r) = 2*r. Let i(j) = j**2 - j. Let q(m) = b(m) + i(m). Let p(c) = c**3 - 3*c + 4. What is the remainder when p(3) is divided by q(-4)?
10
Let q = 72 - 54. What is the remainder when 79 is divided by q?
7
Let p = -24 - -51. What is the remainder when p is divided by ((-2)/(-4))/((-11)/(-308))?
13
Suppose -1 = -2*z + z. Calculate the remainder when z is divided by 1.
0
Let q = 29 - 18. Calculate the remainder when 52 is divided by q.
8
Let r = 37 + -16. What is the remainder when 61 is divided by r?
19
Let o(a) = -9*a**2 + 3*a + 6. Let v be o(5). Let k = v + 314. Calculate the remainder when k is divided by 28.
26
Let z(x) = -2*x**3 - 2*x**2 - x - 1. Let i be z(-2). Let n = 17 - i. What is the remainder when n is divided by 3?
2
Let q = 28 + -13. What is the remainder when q is divided by 8?
7
Let t(i) = 29*i**2 + 2*i - 1. Let s be t(1). Suppose -2*u + 5*v + 0*v = -s, 5*u - 96 = 2*v. Calculate the remainder when 39 is divided by u.
19
Let z(c) = -7*c**3 - c**2 - c. Let b be (-3)/(-9) + (-13)/3. Let w be (-3)/(-2)*b/6. Calculate the remainder when z(w) is divided by 3.
1
Calculate the remainder when 73 is divided by 37/2 + (-1)/(-2).
16
Suppose 0 = 6*m - 3*m. Suppose 4*c + m*c - 80 = 0. Suppose -5*y - 5*r = 0, -3*r + 7*r + c = 0. Calculate the remainder when 8 is divided by y.
3
Let d = -14 + 35. What is the remainder when d is divided by 8?
5
Let c = -5 + 10. Let u(h) = 2*h + 7. Calculate the remainder when u(c) is divided by (-3)/((1 + -3)/4).
5
Let x = 2 + 10. Suppose -d - 2 = 5*f, -2*d + 4 = 5*f - x. Let c(j) = -j**3 + 7*j**2 - 4*j - 5. What is the remainder when d is divided by c(6)?
4
Let g be (1 - 3)/(1/14). Let l = g + 47. Let n(w) = w**3 + 4*w**2 + 7. Calculate the remainder when l is divided by n(-4).
5
Suppose 11 - 17 = -3*n. What is the remainder when n is divided by 1?
0
Suppose -6 = -4*d + 6*d. Let c = 19 + d. Suppose 5*f - 223 = 12. What is the remainder when f is divided by c?
15
Suppose 29*f - 27*f - 138 = 0. What is the remainder when f is divided by 12?
9
Suppose q = -4*q + 100. What is the remainder when 38 is divided by q?
18
Suppose 0 = 2*t + 4, n + n - t = 14. Suppose -p - 2*p = 3*w + 6, 5*p - 14 = w. Calculate the remainder when n is divided by (8/p)/(2 + -1).
2
Suppose 3*o - l + 10 = -3*l, l + 8 = -2*o. Let s be (1 - o/2)/(-1). Let w(m) = 2*m**2 - m + 5. What is the remainder when w(s) is divided by 14?
13
Suppose g + 1 = 0, -5*g + 289 = -3*u - 0*g. Let p = u - -155. Let y = p - 38. What is the remainder when y is divided by 7?
5
What is the remainder when (-10 + 3)/((-6)/30) is divided by (-8)/(-10)*(-405)/(-18)?
17
Let f = 66 - 65. What is the remainder when 2 is divided by f?
0
Let a = -5 + 8. Let o = 2 + -1. What is the remainder when o*(1 - 0 - -7) is divided by a?
2
Let y = -161 + 164. Let w(i) = -i + 11. Let l be w(6). Suppose l*r - 30 = -y*c, c + 5*r = 6*c - 10. What is the remainder when 8 is divided by c?
3
What is the remainder when 107 is divided by ((-10)/15)/(4/6) - -55?
53
Let j(h) = -5*h + 4. What is the remainder when j(-6) is divided by (16 - 6)*(-12)/(-10)?
10
Let c = 1 - -16. What is the remainder when 48 is divided by c?
14
Suppose 2*b - 29 = 5. Let n = 11 - 5. Calculate the remainder when b is divided by n.
5
Let x = 13 + 0. Let v(f) = f**3 + 9*f**2 - 4*f - 12. Calculate the remainder when v(-9) is divided by x.
11
Suppose 9*r + 50 = 14*r. What is the remainder when 29 is divided by r?
9
Suppose 3*w + w - 32 = -3*k, 5*k - 20 = 0. Calculate the remainder when 23 is divided by w.
3
Let c = -12 - -24. Let g = c + -8. What is the remainder when 7 is divided by g?
3
Let y(n) be the third derivative of -n**5/60 - n**4/4 + n**3/6 + 3*n**2. Calculate the remainder when 9 is divided by y(-5).
3
Let p(c) = c - 2. Let s be p(7). Suppose -s*l + 19 = -26. Calculate the remainder when l is divided by 3.
0
Let v = -53 - -68. Calculate the remainder when v is divided by 4.
3
What is the remainder when (12/(-36))/(2/(-102)) is divided by 10?
7
Suppose r - 20 = 20. Calculate the remainder when r is divided by 21.
19
Suppose 2*v - 13 = -l, 10 = 5*l - 4*v - 41. Let w(z) = -z**3 - 11*z**2 - 11*z + 11. What is the remainder when w(-10) is divided by l?
10
Suppose 28 = -3*z - z. Let u be 2/z + 38/(-14). Let t = -1 - u. Calculate the remainder when 4 is divided by t.
0
Suppose 2*u + 24 = 6*u. Suppose a - u